what is -3 + -1857?
-1861
In base 5, what is -1124 - -1?
-1123
In base 10, what is 8164 - 3?
8161
In base 8, what is 20 - -4?
24
In base 12, what is 736 + -3?
733
In base 15, what is -3 + -3e7?
-3ea
In base 4, what is 10021 + -3?
10012
In base 11, what is 7 - 5?
2
In base 2, what is 100 - 11?
1
In base 13, what is 6a4 + 5?
6a9
In base 12, what is -a - 63a?
-648
In base 12, what is -7 + -11?
-18
In base 5, what is -14312 + -4?
-14321
In base 15, what is -485b + -5?
-4861
In base 10, what is 741 + 3?
744
In base 5, what is 44120 - -1?
44121
In base 16, what is -185 - 1?
-186
In base 10, what is 0 + -814?
-814
In base 8, what is 1 - -567?
570
In base 2, what is -11 - 1100000?
-1100011
In base 10, what is -10 - -75?
65
In base 8, what is -636 + 0?
-636
In base 5, what is -3 + -2230?
-2233
In base 16, what is 3 + -4c?
-49
In base 6, what is 0 - -331?
331
In base 9, what is 17 - -3?
21
In base 3, what is 2 - -1001000?
1001002
In base 7, what is -25 + 5?
-20
In base 14, what is 2 + -2?
0
In base 2, what is -100001001 - 11?
-100001100
In base 11, what is -102a + 3?
-1027
In base 7, what is -25111 + 0?
-25111
In base 3, what is 10122 - 1020?
2102
In base 3, what is -111 - 110?
-221
In base 12, what is -4b - 20?
-6b
In base 3, what is -11010 + 11?
-10222
In base 15, what is 0 + -de?
-de
In base 3, what is -10121 - 1221?
-12112
In base 6, what is -5 - 1202?
-1211
In base 16, what is -1e2 + -5?
-1e7
In base 4, what is -10302 - -11?
-10231
In base 2, what is -10100 - -11?
-10001
In base 6, what is 52 + 20?
112
In base 5, what is 333020 + 4?
333024
In base 13, what is 0 - 6c?
-6c
In base 15, what is 1 - 669?
-668
In base 5, what is 11 + -14?
-3
In base 6, what is 3 + -3?
0
In base 15, what is -b7e - -4?
-b7a
In base 13, what is -86b - -4?
-867
In base 9, what is -278 - 0?
-278
In base 13, what is 23 + -189?
-166
In base 11, what is 4 - -158?
161
In base 7, what is 104 - 2?
102
In base 12, what is -5 + -983?
-988
In base 16, what is 28 - -52?
7a
In base 10, what is -34 - 5?
-39
In base 4, what is 2 + 10313?
10321
In base 4, what is -20 - -332?
312
In base 15, what is -3 - 1a83?
-1a86
In base 3, what is -21112 - -102?
-21010
In base 16, what is -4 - 53?
-57
In base 15, what is 1 - 1417?
-1416
In base 4, what is 333 + 3?
1002
In base 3, what is -110012 + -112?
-110201
In base 13, what is -3b + -2?
-40
In base 11, what is -349 - 2?
-350
In base 16, what is -2 - 274?
-276
In base 11, what is 213 + 5?
218
In base 7, what is -140 + 50?
-60
In base 8, what is 340 + 27?
367
In base 2, what is -1 - 10111001?
-10111010
In base 12, what is 20 + 2?
22
In base 4, what is 11 + 1331221?
1331232
In base 9, what is 58 + -5?
53
In base 11, what is 752 - 34?
719
In base 4, what is -131 - -10?
-121
In base 16, what is -4 - -29?
25
In base 5, what is -120213 + 0?
-120213
In base 5, what is -221 - -31?
-140
In base 15, what is -2 - -2b?
29
In base 7, what is 0 + 122?
122
In base 8, what is -15 + -31?
-46
In base 6, what is -24 - 2?
-30
In base 9, what is -32 - -41?
8
In base 4, what is 3 - 1211?
-1202
In base 12, what is 14a - -3?
151
In base 9, what is -4 - 222?
-226
In base 9, what is 6 - 243?
-236
In base 5, what is -2 + 24114?
24112
In base 16, what is 155a - 0?
155a
In base 9, what is 2 + 653?
655
In base 12, what is 410 + 6?
416
In base 15, what is -11b - -6?
-115
In base 9, what is -4 - 272?
-276
In base 13, what is 11 - -1a1?
1b2
In base 7, what is 26 - -1054?
1113
In base 8, what is 2 - -531?
533
In base 8, what is -24 + -20?
-44
In base 6, what is -1112 - -24?
-1044
In base 8, what is 1 - 3750?
-3747
In base 11, what is -10 + 136?
126
In base 10, what is -4 - 55?
-59
In base 8, what is 0 + -24?
-24
In base 3, what is 1201 - 100001?
-21100
In base 14, what is 46d + -6?
467
In base 15, what is -4 + -205?
-209
In base 15, what is -5a + 1e?
-3b
In base 4, what is 20012 - 20?
13332
In base 15, what is 51 - a?
46
In base 8, what is -1 + 40?
37
In base 6, what is 11 + -24?
-13
In base 6, what is 20102 + -4?
20054
In base 13, what is -3 - -15a?
157
In base 11, what is -20 + -239?
-259
In base 5, what is 14 - 13?
1
In base 12, what is 471 - -3?
474
In base 12, what is 5 - -122?
127
In base 4, what is 32 - -33002?
33100
In base 6, what is -2 + -450?
-452
In base 4, what is -23 + -10030?
-10113
In base 6, what is -5 - -15233?
15224
In base 16, what is -2 + 71e?
71c
In base 12, what is 251 - 6?
247
In base 9, what is 35 - -55?
101
In base 3, what is -11122122 + 0?
-11122122
In base 16, what is 268 + 6?
26e
In base 5, what is 10 - 2403?
-2343
In base 5, what is -22343 + 2?
-22341
In base 7, what is 5 + -513?
-505
In base 15, what is 4d - 7?
46
In base 2, what is 101011 - 111?
100100
In base 8, what is -3 + 165?
162
In base 9, what is -2 + 405?
403
In base 6, what is -200 + -13?
-213
In base 13, what is 67 - 33?
34
In base 16, what is 1 - 376?
-375
In base 7, what is 11 - 341?
-330
In base 12, what is 0 + -2049?
-2049
In base 8, what is -23 - 15?
-40
In base 8, what is -5 + 4247?
4242
In base 2, what is -110 + -10100101000?
-10100101110
In base 7, what is 0 - 1315?
-1315
In base 4, what is -102 + 3?
-33
In base 6, what is -2241 + 3?
-2234
In base 14, what is -1d5 + 3?
-1d2
In base 15, what is 29 + -6?
23
In base 5, what is -4 + -20?
-24
In base 3, what is 20 - -2021?
2111
In base 5, what is 2 - -233?
240
In base 6, what is 12 - 3202?
-3150
In base 3, what is -22 - 21?
-120
In base 15, what is 68 - -1?
69
In base 7, what is -1504 - -4?
-1500
In base 8, what is 10 + -5?
3
In base 16, what is -e4 + -5?
-e9
In base 16, what is -1 - 132f?
-1330
In base 6, what is 3354 + -5?
3345
In base 11, what is 10 - 60?
-50
In base 7, what is 2 - -1325?
1330
In base 3, what is 101 - 21100?
-20222
In base 15, what is -4 - 0?
-4
In base 4, what is 11123123 + -2?
11123121
In base 4, what is 1300 - 21?
1213
In base 8, what is 3 - -101?
104
In base 11, what is 327 - 13?
314
In base 7, what is -6440 - -4?
-6433
In base 3, what is -1 + 101?
100
In base 11, what is -449 - 5?
-453
In base 8, what is -61 - -11?
-50
In base 13, what is 7 - c2?
-b8
In base 8, what is -34 - 7?
-43
In base 16, what is -2b - -a?
-21
In base 3, what is 1 - 22?
-21
In base 12, what is -32 + 2?
-30
In base 14, what is b - -16?
23
In base 4, what is -2 - -122?
120
In base 14, what is -5 + 672?
66b
In base 5, what is 440 + -303?
132
In base 16, what is -f - -26?
17
In base 3, what is -2120121 + -2?
-2120200
In base 8, what is 5552 - 5?
5545
In base 2, what is -10 + -1000101?
-1000111
In base 13, what is 165 + 5?
16a
In base 8, what is 2 - 61?
-57
In base 6, what is 3152 + -3?
3145
In base 2, what is 110001101010 + -1?
110001101001
In base 6, what is -31 + 15?
-12
In base 14, what is 5 - -42?
47
In base 4, what is -2220 - 12?
-2232
In base 5, what is -211 + 1?
-210
In base 4, what is -22232 - 11?
-22303
In base 16, what is 0 - -7?
7
In base 12, what is -1 + 4504?
4503
In base 3, what is 211020 + 2?
211022
In base 5, what is -1020 - 3?
-1023
In base 11, what is 0 + 71?
71
In base 16, what is 3 - 5e4?
-5e1
In base 8, what is 57474 - 3?
57471
In base 16, what is -e2 - -5?
-dd
In base 5, what is -33223 + -3?
-33231
In base 16, what is -4 + -71?
-75
In base 13, what is -51 - -1?
-50
In base 6, what is 4 - -4243?
4251
In base 14, what is 2dd + 0?
2dd
In base 16, what is 3f9 + -8?
3f1
In base 9, what is 72 + 12?
84
In base 11, what is 1a + -1?
19
In base 5, what is -1 - 140?
-141
In base 15, what is 709 + 0?
709
In base 15, what is -5 + c5?
c0
In base 3, what is 1212 + -20?
1122
In base 11, what is -36 + 75?
3a
In base 13, what is 1 - -3c6?
3c7
In base 14, what is 0 - -343?
343
In base 7, what is 3 + 210?
213
In base 5, what is 0 - 2011?
-2011
In base 3, what is -11 + 1102012?
1102001
In base 5, what is 4 + -324?
-320
In base 7, what is 15 + -434?
-416
In base 14, what is 208 + 3?
20b
In base 3, what is 101121 + -211?
100210
In base 13, what is -4 - 40?
-44
In base 6, what is -3215 - -3?
-3212
In base 9, what is 11 + -105?
-84
In base 4, what is -10313 - 1?
-10320
In base 11, what is -46 + -249?
-294
In base 14, what is 3 + -21?
-1c
In base 2, what is -11001 + -1000110?
-1011111
In base 14, what is 3b + -2?
39
In base 8, what is -42 - -236?
174
In base 8, what is -1 - 1112?
-1113
In base 14, what is -3 + -12?
-15
In base 2, what is 1001100 